4) to base 2
100101011000101001
What is 22242112 (base 5) in base 7?
1445660
-201221011 (base 3) to base 7
-60235
What is -564944 (base 12) in base 15?
-1c2e41
What is 1101104201 (base 5) in base 8?
11007253
110020200001 (base 3) to base 5
30203212
Convert -bb60 (base 13) to base 7.
-136051
Convert -1265230 (base 8) to base 12.
-151508
What is -10200112 (base 7) in base 8?
-3212177
Convert -352523 (base 9) to base 11.
-135179
What is -15943729 (base 10) in base 15?
-15ee104
Convert 1599a94 (base 11) to base 10.
2721877
-5621 (base 7) to base 5
-31044
What is -14736 (base 10) in base 3?
-202012210
Convert 2389eb (base 15) to base 5.
413343441
Convert 222030233 (base 4) to base 7.
1316633
What is 15ec8 (base 16) in base 9?
146157
11111101021021 (base 3) to base 5
1102423004
567880 (base 13) to base 8
7631372
What is 120230230 (base 4) in base 8?
305454
What is 35845 (base 14) in base 15?
28a67
1010011000110001001011 (base 2) to base 14
50c443
Convert -250132 (base 8) to base 14.
-23546
What is 114004342 (base 5) in base 2?
10000001110110000111
What is -120110221 (base 3) in base 15?
-3524
-44210413 (base 7) to base 13
-a3110a
-3143122 (base 5) to base 6
-1044544
Convert 130030223 (base 4) to base 9.
185382
Convert 12110231123 (base 4) to base 3.
10010012220222
-4a151d (base 15) to base 11
-2003968
What is 612127 (base 12) in base 10?
1517359
Convert -45a15 (base 12) to base 11.
-639a3
157b4 (base 15) to base 14
1b340
1110132030 (base 4) to base 13
c1641
Convert 25933 (base 13) to base 9.
115511
What is -1000111101001011101010 (base 2) in base 8?
-10751352
-21210110101212 (base 3) to base 6
-224442035
-bdcaf (base 16) to base 13
-212ac4
33233111 (base 5) to base 8
1065765
-52213343 (base 6) to base 10
-1510623
Convert 597213 (base 11) to base 10.
946597
Convert -1011010000001111111 (base 2) to base 13.
-cbb09
Convert 4820862 (base 9) to base 14.
4bdc62
294db (base 14) to base 4
121001221
-2086b43 (base 12) to base 5
-3033243414
Convert -199e (base 15) to base 8.
-12655
What is -8684047 (base 11) in base 10?
-15261297
3202035 (base 7) to base 6
12144533
Convert -408173 (base 9) to base 11.
-155a4a
-162202 (base 12) to base 14
-9b562
-3117474 (base 8) to base 13
-22c686
-211113222 (base 4) to base 2
-100101010111101010
Convert -1103401 (base 6) to base 3.
-2210202101
Convert -1ee039 (base 16) to base 13.
-55b035
What is 101110000 (base 3) in base 16?
1dbe
Convert 109720 (base 10) to base 16.
1ac98
What is -17235b (base 13) in base 12?
-239545
What is 1284224 (base 12) in base 8?
15746074
-44290 (base 13) to base 16
-1e25f
Convert -d88108 (base 15) to base 4.
-213103221230
-110000110111101000000110 (base 2) to base 9
-26085045
What is 132a48 (base 11) in base 6?
4251042
What is 12102453 (base 6) in base 4?
1131023001
What is 1455155 (base 6) in base 9?
140118
What is 111001011111110001 (base 2) in base 9?
388042
Convert 1a10892 (base 14) to base 11.
7343a38
Convert -7a7767 (base 12) to base 4.
-13133011333
What is -3033232034 (base 5) in base 13?
-1373a96
-270a1 (base 14) to base 16
-177b5
37346350 (base 8) to base 7
130035213
Convert 61446 (base 10) to base 8.
170006
Convert -3637335 (base 12) to base 3.
-201210202120112
Convert 4501053 (base 6) to base 12.
aa789
What is -10420232 (base 5) in base 14?
-25714
Convert -30aca5 (base 13) to base 6.
-40220324
Convert -3313333 (base 6) to base 8.
-502771
What is -1bcbd5 (base 14) in base 3?
-1212120210201
What is -201222212010 (base 3) in base 11?
-249758
-4e01ec (base 15) to base 14
-6d75b3
What is -2436120 (base 8) in base 5?
-132431200
What is -137d06c (base 14) in base 12?
-31b74b4
What is 138658 (base 12) in base 2?
1001111100010100100
Convert 210211101000021 (base 3) to base 15.
1042324
Convert 1000011222 (base 3) to base 11.
13986
4546434 (base 8) to base 12
4b5078
Convert -10756663 (base 9) to base 13.
-1113480
-ba2936 (base 12) to base 9
-5484616
Convert -16b8 (base 15) to base 14.
-1adc
52412515 (base 6) to base 14
2ba1b1
-11113522 (base 6) to base 3
-122002121012
Convert 437263 (base 10) to base 5.
102443023
-40fac (base 16) to base 10
-266156
11b18 (base 16) to base 15
16717
Convert db38b (base 14) to base 11.
332474
19344a (base 11) to base 15
5d186
What is 111000001010000000 (base 2) in base 13?
80907
What is 6220364 (base 8) in base 9?
3080027
Convert -1102102222 (base 3) to base 11.
-1a068
What is 24033422 (base 5) in base 3?
102020022100
-7c1ac4 (base 14) to base 8
-20106754
What is -7806841 (base 10) in base 15?
-a43211
What is 3683068 (base 10) in base 15?
4cb42d
Convert 568a8 (base 13) to base 15.
319d7
What is 10402150 (base 6) in base 4?
1030003302
What is -3401550 (base 9) in base 7?
-21366141
5125537 (base 10) to base 13
10a5c81
-22112001001110 (base 3) to base 5
-2124342413
629761 (base 10) to base 14
12570d
What is -122220021200202 (base 3) in base 9?
-18807622
What is -366736 (base 9) in base 8?
-660457
What is -885a4 (base 16) in base 8?
-2102644
-5d60a2 (base 14) to base 15
-434a09
10001001000111110010001 (base 2) to base 12
1608295
-2310020121 (base 5) to base 16
-4eb2a0
-2a35484 (base 12) to base 16
-822f64
Convert -c21a5 (base 16) to base 5.
-200420140
Convert -1315a50 (base 11) to base 6.
-120450535
Convert 25453435 (base 6) to base 16.
cb03f
What is -971145 (base 10) in base 15?
-142b30
What is -1002943 (base 11) in base 7?
-21042655
10202111120 (base 3) to base 10
73995
What is 10100110100000001 (base 2) in base 12?
41401
Convert -157a5 (base 13) to base 5.
-2301424
24242651 (base 7) to base 8
10176374
-18a99 (base 15) to base 3
-11001202200
-24774302 (base 8) to base 3
-101100120221010
Convert 1101110001001010000110 (base 2) to base 10.
3609222
What is 453813 (base 10) in base 13?
12b739
What is 100212102020 (base 3) in base 9?
325366
What is 1906520 (base 11) in base 8?
14243701
32613464 (base 8) to base 9
14176252
4a06db (base 15) to base 13
97191b
5a83a7 (base 11) to base 13
279300
-21211001111 (base 4) to base 14
-4950c5
What is 203330113 (base 4) in base 2?
100011111100010111
What is 202122200220011 (base 3) in base 7?
162206341
Convert 1101011101111001010 (base 2) to base 3.
211102100002
Convert 111000000110000 (base 2) to base 15.
879a
Convert -32101033 (base 5) to base 13.
-95511
What is 223666 (base 8) in base 3?
10211211210
What is 1058764 (base 12) in base 5?
1243321242
What is 18219a (base 13) in base 8?
2234467
What is -844361 (base 9) in base 2?
-1111010100001011010
What is b8aab (base 12) in base 4?
323130203
-522453104 (base 6) to base 3
-122002210111111
Convert -136b06 (base 15) to base 9.
-1673156
-23203413 (base 6) to base 11
-44a0a5
What is 221874 (base 10) in base 13?
79cb3
What is -2022111120202 (base 3) in base 10?
-1230248
Convert -113302101 (base 4) to base 16.
-17c91
987d9 (base 15) to base 5
111000104
Convert 10111010100011001110 (base 2) to base 15.
10160a
What is 10626663 (base 9) in base 10?
5155302
-21202033301 (base 4) to base 13
-696947
-352624 (base 7) to base 16
-f7c0
37427 (base 13) to base 2
11000110110001011
What is -465801 (base 9) in base 7?
-2243623
-1200100001020 (base 3) to base 11
-55a469
Convert -166a05 (base 12) to base 5.
-44310221
What is -6b751e (base 15) in base 8?
-23462760
a8194 (base 11) to base 15
31907
What is 2211020000010 (base 3) in base 11?
935206
23ce0a (base 15) to base 9
3202501
Convert -1d1253b (base 14) to base 5.
-12212104220
Convert -40562 (base 13) to base 8.
-340741
-657598 (base 11) to base 9
-1868625
86732 (base 12) to base 16
2b496
What is -40002244 (base 6) in base 12?
-460384
Convert 2068801 (base 11) to base 16.
3794d9
Convert 10110111001101110 (base 2) to base 10.
93806
What is -14b8b (base 13) in base 5?
-2224243
Convert -7453a45 (base 11) to base 15.
-124370d
What is 11312232002 (base 4) in base 15?
204b85
Convert -f2a3a (base 16) to base 15.
-14971a
11100000110000010101 (base 2) to base 14
19d6cd
1022102111011 (base 3) to base 7
5632612
Convert -28a3a4 (base 11) to base 16.
-6e999
What is -145330430 (base 6) in base 7?
-35003223
Convert 75363 (base 10) to base 3.
10211101020
111220221 (base 5) to base 3
220222210212
What is 11100010110001000 (base 2) in base 8?
342610
326562 (base 7) to base 2
1110000011100010
-3101322 (base 4) to base 11
-a103
Convert 1612061 (base 7) to base 8.
660665
